(p).
-2
Let k(w) = 2*w. Let y = -348 - -343. Give k(y).
-10
Let w be ((-513)/18)/19*4/(-3). Let v(g) = -3*g + 3. Determine v(w).
-3
Let o = -46 - -49. Let b(y) = 2*y**3 + 7*y**2 - 2*y + 2. Let n(s) = -3*s**3 - 13*s**2 + 5*s - 3. Let d(q) = o*n(q) + 5*b(q). Calculate d(4).
21
Let w(o) = 1 - o - 14 + 2 - o**2. Suppose 0*v - 12 = 4*y + 4*v, -v = 5*y + 3. Determine w(y).
-11
Let l(w) be the second derivative of -w**5/120 - w**4/24 + 23*w**3/6 - w**2/2 - 39*w. Let c(a) be the second derivative of l(a). Determine c(-7).
6
Let p be (-162)/(-9)*(15/(-6))/5. Let y be (-240)/(-72)*p/5. Let k(c) = -2*c**2 - 9*c - 5. Determine k(y).
-23
Let i(p) = -2*p**3 - 11*p**2 + 5*p - 3. Let g be i(-6). Let l(j) be the first derivative of 0*j**2 - 2*j**4 - 2/3*j**g + j - 2. What is l(1)?
-9
Let o(i) = -5*i**2 - 3*i + 5. Let c(w) = w**2 - 6*w - 8. Let x be c(7). Let s(g) = -g**2 + 1. Let t(a) = x*o(a) + 6*s(a). Determine t(2).
3
Let y(p) = p**2 + p - 1. Let m(z) = 4*z**2 - 2*z + 1. Let j(s) = -m(s) - y(s). Suppose -2*r - 2 = -0. Give j(r).
-6
Suppose -46*z - 18 = 2*l - 48*z, 3*z = -3*l - 21. Let o(g) = -g**2 - 3*g + 5. Calculate o(l).
-35
Let o(k) = -k**3 - 9*k**2 - 8*k + 5. Let j be (-3 + -1)/(24/(-15) - -2). Let z be 672/(-80) + ((-14)/j - 1). Give o(z).
5
Let x(f) be the first derivative of f**2/2 - f + 2. Suppose -4*a = 2*t - 10, 5*t + 8 - 3 = -4*a. Determine x(a).
4
Let b(a) = a**3 + 8*a**2 - 12*a - 9. Suppose -4*d + 3*j - 41 = 4, -5*d + 3*j - 54 = 0. Give b(d).
18
Let v(z) = -2*z + 6*z - 9 - 9 + 6 - 1. What is v(10)?
27
Let h(f) = 14*f + 91. Let n be h(-6). Let q = -4 - -6. Let g(y) = 3 - 5*y**q - n*y - 1 - 1 + y**3. Give g(6).
-5
Let m(z) = 3*z - 3. Let i be ((-12)/(-8))/(2/(-124)). Let y be i/(-33) + (-2)/(-11). Suppose y*b + 6 = 5*b + 2*l, 0 = -5*l. Calculate m(b).
6
Let t(f) be the third derivative of f**6/720 + f**5/10 - 5*f**4/24 + 2*f**2. Let u(c) be the second derivative of t(c). Let z = 33 + -38. Calculate u(z).
7
Let p(a) be the third derivative of 4*a**5/15 + a**4/24 + 17*a**2 - 1. Give p(1).
17
Let x(m) = 3*m**2 - 8*m + 14. Let p(i) = 8*i**2 - 24*i + 42. Let o(d) = 4*p(d) - 11*x(d). Calculate o(-10).
-6
Let l = -24 + 32. Let c(f) = f**3 - 9*f**2 + 8*f + 11. Calculate c(l).
11
Suppose -3*c - 2 + 8 = 0. Let s(y) = -9 + c*y - y - 3*y. Let d = 689 - 697. Determine s(d).
7
Let i(o) = -3 + 1 + 1 + 3*o - 2. Let n = -17 + 19. Let h be ((-88)/(-55))/(n/5). Give i(h).
9
Let l = 0 - -6. Suppose 2*s + 4*d - 2*d = l, -s + d + 7 = 0. Let k(o) = s*o - 1 - 2 + o - 5*o. Determine k(2).
-1
Let a(k) = -4*k**2 + k + 3. Let u be (6 + -2 + -2)/((-4)/(-6)). Calculate a(u).
-30
Let f(m) = m**2 + m - 2. Suppose -2*c - 5*j = -21, -3 = 2*c - 5*j + 6. Calculate f(c).
10
Suppose 4*n + 3*q + 12 = 0, -n - 5*q = 2*n + 9. Let u(v) = -3*v**2 - 17. Let j(m) = -m**2 - 6. Let y(b) = 17*j(b) - 6*u(b). Determine y(n).
9
Let u(t) = -t**3 + 10*t**2 - t + 14. Let q(l) = l**3 + 29*l**2 - 29*l + 40. Let p be q(-30). Determine u(p).
4
Let y(p) = p + 14. Let h be 5 - -6*(-4)/8. Suppose -4*s - g + 26 = -3*g, -h*s = 5*g + 5. Suppose -2*q = -s*i - 3, 2*q + 28 = -5*i + 1. Determine y(q).
8
Let c(z) = 4 + 4*z - 6*z - 2*z. Let q(o) = -2*o**3 - 2*o**2 + 59*o + 113. Let x be q(-2). Calculate c(x).
-8
Let m(q) = 10*q - 9 - 18*q - 43 + 7*q. Give m(0).
-52
Let v be (-4 - (1 - 2))/(18/(-6)). Let w(t) = -10*t**3 + t. Determine w(v).
-9
Let h(p) = -3*p + 133 - 74 - 67. Determine h(-8).
16
Suppose -6*a + 3*a = 0. Let y(w) = a + 7 - 2*w**3 - 2*w - 7 + 3. Let x be (-4 + 2)*2/(-2). Calculate y(x).
-17
Suppose -2*i = -3*j + 2*i + 16, 20 = 3*j - 2*i. Let h = j - 6. Let f(k) = -k + h + 2*k**2 - k**2 - 4*k. Give f(5).
2
Let v be (3/(-6))/((-4)/112). Let k(f) = -f**2 + 16*f - 10. Let i be k(v). Let p(g) = i*g**2 - 19*g**2 - g + 2*g. Determine p(3).
-6
Let m(j) = -j - 2. Let g(p) = -p - 1. Let a(l) = 3*g(l) - 2*m(l). Let i(q) = -q**2 - q**3 + 2 + 0*q**2 - 6 + 5*q + 6. Let y be i(-3). Calculate a(y).
-4
Let j(o) = -o**3 - 4*o**2 - 75*o - 301. Let v be j(-4). Let u(n) = 0 - n + 0 - 9*n**2. What is u(v)?
-8
Let v(i) be the first derivative of 0*i**2 + 1/3*i**3 + 0*i + 1/8*i**4 - 1/120*i**5 - 3. Let z(m) be the third derivative of v(m). Calculate z(5).
-2
Let b(n) be the second derivative of -19*n + 0 + 1/2*n**2 + 1/6*n**3. Give b(-2).
-1
Suppose -82 = -0*n - 5*n + 2*d, -5*d + 75 = 5*n. Let i(y) = y**3 - 16*y**2 - 9. Calculate i(n).
-9
Suppose 0 = s + 12 - 10. Let l(k) = 2*k**3 - k**2 - 6*k - 3. Let f(g) = 4*g**3 - g**2 - 13*g - 6. Let a(h) = -2*f(h) + 5*l(h). Give a(s).
-23
Let z(v) be the first derivative of -1/6*v**3 - 4 - 5*v**2 - 7/24*v**4 + 0*v. Let m(d) be the second derivative of z(d). Calculate m(1).
-8
Let l(h) = h**2 + 2*h - 2. Let s(c) = c. Let m be s(0). Suppose 0*b + 3*b + 18 = m. Let w(f) = f**2 + 3*f - 1. Let d(r) = b*w(r) + 7*l(r). Determine d(6).
4
Let q(b) = -3. Let u(n) = 3*n + 21. Let s(g) = 6*q(g) + u(g). What is s(-2)?
-3
Let d(l) = l**3 - 5*l**2 + 7*l - 20. Let z be d(5). Let j(m) = 13 + z*m - 11*m - 6*m. Calculate j(11).
-9
Let t(s) = -4*s**2 + s + 2. Let v(a) = -3*a + 3*a - a**3 - 37*a**2 - a + 40*a**2. Let o be v(2). Calculate t(o).
-12
Let m(t) = t**2. Let g(s) = 3*s**2 - 4*s - 5. Let f(c) = -g(c) + 2*m(c). Calculate f(5).
0
Let j(y) = -96 + 92 + 67*y**2 - 5*y - 70*y**2. Calculate j(-4).
-32
Let c(o) = -2*o - 18. Let i be (-1)/10 - (1065/(-150) - -15). Determine c(i).
-2
Let y(m) = 4*m + 10. Let q(k) = -k**3 - 16*k**2 + 12*k - 89. Let u be q(-17). Give y(u).
-6
Let o(m) = -6*m**3 - m**2 - 12*m + 6. Let h(d) = 5*d**3 + 2*d**2 + 11*d - 4. Let r(p) = 5*h(p) + 4*o(p). Calculate r(-6).
-38
Let d(q) = -7*q + 3. Let z = -96 + 93. What is d(z)?
24
Let f = -34 + 36. Let u(j) = 0*j - 1 + 3 + f*j - 3. Calculate u(-5).
-11
Let f(z) be the second derivative of 0 + 5/2*z**2 + 4*z + 1/3*z**3 - 1/24*z**4. Let k(m) be the first derivative of f(m). Determine k(6).
-4
Suppose 6*b = 14 - 44. Let c(o) = -4*o**3 + 5*o**2 - 7*o - 5. Let l(y) = -3*y**3 + 4*y**2 - 6*y - 4. Let n(x) = b*c(x) + 6*l(x). Determine n(2).
11
Suppose 5*q - 13 + 38 = 0, -3*q - 39 = -3*p. Let a(m) = -7*m**2 - 4 + 0 + p*m**2. Let h = 146 + -150. What is a(h)?
12
Let b(q) = q + 8. Let j be (16/(-6))/((-19)/(-57)). Let v be b(j). Let u(r) be the third derivative of -r**5/60 - 2*r**3/3 + 4*r**2. What is u(v)?
-4
Let x(v) = v**2 - 2*v. Let q = 11 - 11. Let a be q - (-1 + -1 + 4). Calculate x(a).
8
Let p = 4 - 2. Let x(k) = -10 + 6 + 5 - k + k**p. Give x(0).
1
Let m(n) = 27*n**2 + 2*n - 1. Suppose 5*y - 11 = 3*s - 6*s, 5*s - 9 = y. Give m(y).
28
Let p(y) = y + 2. Let x be p(3). Suppose 2*j - k = -4, 0*j - 2*j - x*k = -8. Let d(z) = -20*z - 17*z - 1 + 29*z. Give d(j).
7
Suppose -s + 3 = -2, 5*u - 10 = -2*s. Suppose u = 6*a - a. Suppose 0 = -2*h - a*h + 8. Let q(b) = -b**3 + 6*b**2 - 7*b + 4. Calculate q(h).
8
Let m(y) = 9*y - 57 - 23*y + 5*y. Let j be m(-7). Let a(f) = -f**3 + 6*f**2 - 4*f + 2. Calculate a(j).
-22
Let k(u) = u**2 + u + 1. Let c = 261 + -263. Calculate k(c).
3
Let a(o) be the first derivative of -o**2 - 3*o**2 + o**3 + 22 - 2*o - 13. Let i(f) = -f**2. Let h(t) = a(t) + 2*i(t). Calculate h(7).
-9
Suppose 0 = 5*n - 0 - 20. Suppose 0 = -n*i - 4. Let x(p) = -11*p. Determine x(i).
11
Let p = -78 + 41. Let i = 31 + p. Let l(h) = h**3 + 7*h**2 + 5*h - 6. Give l(i).
0
Let g(n) = 2*n - 8. Let c(t) = -1. Let z(h) = -4*c(h) + g(h). Let j be 2/3 - 20/(-15). Suppose -j*k + 4 = -8. Calculate z(k).
8
Suppose 27 = c - 5*z, 2*z = -5*c - 2*z + 106. Let g(a) = -1 + 11*a - 29*a + c*a. Determine g(-2).
-9
Let y = 296 + -291. Let o(f) = -f**2 + 2*f + 6. Give o(y).
-9
Let b(y) = -9*y + 1. Let i(t) = 13*t - 2. Let l(r) = -3*b(r) - 2*i(r). Determine l(-8).
-7
Suppose 0 = -6*b + 32 - 2. Let u(v) = -2*v**2 - 7*v + v**3 + 8*v - 3 + b*v**2. Determine u(-4).
-23
Let q(k) be the third derivative of -k**5/60 + k**4/24 - k**3 - 15*k**2. Let g be q(0). Let c(x) = -x**2 - 3*x. Give c(g).
-18
Let p(q) = -q - 1. Let l be (-16)/72 - 104/18. Let f(m) = m**3 + 8*m**2 + 13*m + 3. Let j be f(l). What is p(j)?
2
Let r = -131 + 132. Let f be (1 - 2/r)/(-27 - -26). Let j(o) = -7*o**2 + o - 1. Determine j(f).
-7
Let q(b) be the third derivative of -b**7/840 - b**6/180 - b**5/60 + b**4/12 - 2*b**3 + 17*b**2. Let d(s) be the first derivative of q(s). Calculate d(-2).
6
Let c(k) 